Suppose -392350 = 38*h - 76*h. What is the greatest common factor of 105 and h?
35
Let v = 168 - 164. Let n be (-114)/(-5)*10/v. Calculate the greatest common factor of 38 and n.
19
Suppose 21 + 15 = 4*x. Suppose -5*r + 112 = g - x*r, 3*r = -12. Calculate the highest common divisor of g and 120.
24
Let d(q) = 524*q + 3348. Let y be d(43). Calculate the highest common factor of y and 20.
20
Let i = 8048 + -7975. What is the highest common factor of 2117 and i?
73
Let c(k) = 19*k - 64. Let z be c(4). Let m be (-297)/(-6) - z/(-8). What is the highest common divisor of 561 and m?
51
Suppose 17*r + 1455 - 7983 = 0. What is the greatest common divisor of r and 132?
12
Let y be 23 + (1 - 23) - -1*727. What is the greatest common factor of 28 and y?
28
Let r(v) = -v**2 + 14*v - 13. Let y be r(11). Suppose 2*f = j + 2*j + 12, -6 = -f + 5*j. Suppose -i + f = 4. Calculate the greatest common divisor of y and i.
2
Suppose -4*x = 2*p - 76, -3*x = 5*p + 28 - 92. Let u be 21/2*(1 + 5). Calculate the highest common factor of x and u.
9
Let p = 54 - 51. Suppose -p*n + 2*n = n. Suppose n = j + 5*z + 3, -22 - 25 = -j + 5*z. Calculate the greatest common factor of j and 176.
22
Suppose -12*y = -11*y - 3. Let m be (-1)/3 - (-1618)/y. Let c be -14*(-20)/(-15)*42/(-16). What is the highest common divisor of c and m?
49
Let v(s) = -s**3 - 8*s**2 + 202*s - 74. Let k be v(-19). Calculate the highest common divisor of k and 13.
1
Let u be (22*-2 - -4)/(2 - 3). Suppose h = 4*k - 28, 4*k + 5*h - 4 = -0*k. Let f = k - -4. Calculate the greatest common factor of u and f.
10
Let j be -9 + 12594/15*(-15)/(-6). What is the highest common divisor of 330 and j?
110
Let q be (((-290)/(-25))/((-104)/455))/(1/(-4)). What is the greatest common factor of q and 161?
7
Suppose -3*z - 18*z + 15708 = z. Calculate the highest common divisor of 3264 and z.
102
Let m(u) = 4*u - 14. Let c be m(6). Let o = -51 + 46. Let w be -1 - -2 - (4 + o). What is the highest common divisor of c and w?
2
Let y(d) = d**3 + 24*d**2 - 43*d - 160. Let z be y(-25). What is the highest common divisor of z and 1010?
10
Let s = -20 - -22. Suppose -s*h + 27 = -37. Let r = 65 - h. What is the greatest common divisor of 99 and r?
33
Let r be (-3 - 1)*(7 + -6) + -215. Let t = r + 229. What is the greatest common divisor of 105 and t?
5
Suppose 6*s - 84 = -90. Let l be 1/s*1274/56*-4. What is the greatest common divisor of 52 and l?
13
Suppose -3*p = -3*i - 4*p + 836, 0 = 2*i - 4*p - 576. Let a = 163 - 143. Calculate the greatest common divisor of i and a.
20
Let c be (-190)/(-3) - (22 + 455/(-21)). Calculate the greatest common factor of 357 and c.
21
Suppose 0 = 5*p - p + 20, 0 = -d + 2*p + 13. Suppose 0 = 4*l + t + d*t - 32, 4*l - 11 = 3*t. Let h = -4 - -14. What is the greatest common factor of h and l?
5
Suppose 428*c + 105*c + 51*c - 36882 = 132478. Suppose -5*q = 4*s - 50, 0 = 4*q + 4*s - s - 40. What is the highest common divisor of q and c?
10
Let y(z) = z**2 - 5*z - 7. Let t be y(5). Let x be ((-2)/(-3))/(t/(-168)). Calculate the greatest common divisor of 104 and x.
8
Let n be (-1 - -4)*(4 + (-70)/42 - 2). Let u(k) = 6 - 4*k**2 + 5*k + 0*k**2 + 5*k**2. Let o be u(-4). What is the greatest common divisor of n and o?
1
Let o be (2 - 2)*(-15)/(-45). Suppose 8*v - 5125 = -869. Suppose -2*b + 6*b - v = o. Calculate the highest common factor of b and 19.
19
Suppose -5*o + 149 = 2*s - 5, -3*o + 93 = s. Let m = -957 - -1029. What is the highest common factor of m and o?
8
Let t(j) = 7422*j**2 - 443*j + 446. Let f be t(1). Calculate the greatest common factor of f and 150.
75
Let q be ((-4)/(-10))/(14/5600). Suppose -12*x = -20*x + q. Calculate the greatest common divisor of x and 32.
4
Suppose -11 + 9 = -s + 4*c, 3*s = 4*c + 38. Let m be s/(7*4/140). What is the greatest common factor of m and 225?
45
Let y(g) = -g**2 - 19*g - 21. Let x = 49 - 67. Let n be y(x). Let f(t) = t + 11. Let d be f(n). What is the greatest common factor of 12 and d?
4
Suppose 102*i = 21541 - 1957. Calculate the highest common divisor of 1080 and i.
24
Let q = 52192 + -52188. Suppose w - 29 = -b - 2*w, 2*b + w - 33 = 0. What is the greatest common divisor of b and q?
2
Let d(b) = -b**2 - 46*b - 83. Let g be d(-38). Suppose -214*z + g*z - 5369 = 0. Calculate the greatest common factor of z and 59.
59
Let h = 34028 - 33956. Calculate the greatest common divisor of 348 and h.
12
Let l be (9 + -180 + 9)/((-42)/28). What is the greatest common factor of 2292 and l?
12
Let m be ((-4)/(-10))/(2/1900). Suppose -2846 + 3826 = 49*b. Calculate the highest common factor of m and b.
20
Suppose 4*c - 79 = 2*c + 151. Calculate the highest common factor of c and 160.
5
Suppose 2*s = 3*n + 122, -5 - 45 = -s - 4*n. What is the greatest common divisor of 2726 and s?
58
Let b be (-34)/10*(-14 - -9). Let q(a) = -3*a + 33. Let j be q(b). Let n be j/(-1*10/15). Calculate the highest common factor of n and 3.
3
Let x(m) = -m. Let o(n) = n + 20. Let b(u) = -o(u) - 6*x(u). Let v be b(6). What is the greatest common divisor of 4 and v?
2
Let p(c) = -23*c**3 - 4*c**2 - 6*c - 3. Let y be p(-1). Let b be (-12)/y + 8118/242. Let s = 60 - 38. Calculate the greatest common factor of s and b.
11
Let a be (27/6)/(2/(-12)). Let h = 62 + a. Calculate the highest common factor of 140 and h.
35
Let i = -6 - -49. Let u be (-12)/138 - (-71224)/184. Calculate the highest common factor of i and u.
43
Let a(n) = -n**3 + 20*n**2 - 17*n - 15. Suppose i - p = 18, 2*p = 3*i - 0*p - 55. Let c be a(i). Calculate the highest common divisor of c and 69.
23
Let u(v) = v - 2. Let h be u(6). Let f be 75 + (h + -2 - 0). Let m be 7 + (-19)/(-304)*0. What is the greatest common divisor of m and f?
7
Suppose 22*x - 14*x - 720 = 0. Suppose 0 = 3*d - 139 + 19. What is the greatest common factor of d and x?
10
Let b(y) = -y**3 - 4*y**2 - 6*y - 5. Let f be b(-2). Let i be f/2 + -2*(-18)/8. Suppose i*l + 200 = 8*l. What is the highest common factor of 25 and l?
25
Suppose 0 = 28*z - 32*z + 1200. Let o be (6/(-4))/(-3) + 94/4. What is the highest common divisor of z and o?
12
Suppose 5*f - 4*b = 47528, -3*f + 30*b = 27*b - 28521. What is the highest common factor of 76 and f?
76
Suppose 24*c = -13*c + 185. Let u be c*8/100 + 252/20. Calculate the greatest common divisor of u and 299.
13
Let r(p) = 2*p**2 + 41*p - 62. Let m be r(-22). Suppose -2*s = 4*c - 42, m*c - s = -0*c + 33. What is the highest common divisor of c and 981?
9
Suppose -4 = -3*n + 2, 2*j = 2*n - 14. Let t be ((-9)/j)/((-21)/(-1400)). What is the highest common factor of t and 90?
30
Let x(q) = q**3 + 18*q**2 - 34*q - 237. Let s be x(-19). What is the greatest common factor of 4728 and s?
24
Let r = -44 - -49. Let d = r - -1. Suppose -d - 8 = -2*q. What is the greatest common factor of 21 and q?
7
Let y = 6255 + 18361. Let d be 27/90 - y/(-80). Calculate the greatest common divisor of d and 44.
44
Let s be (7 - 4)*1910/15. Suppose -15*n + 17*n = 4*a + s, -758 = -4*n + 5*a. Calculate the highest common divisor of n and 33.
11
Let v(b) = 9455*b + 47. Let d be v(5). What is the highest common divisor of d and 22?
22
Suppose 0*o - 2*o = -200. Suppose 2*t + 27 = 33. Let u(p) = 5*p**2 - 9*p + 7. Let f be u(t). Calculate the greatest common factor of o and f.
25
Suppose 142*q = 5*i + 137*q - 300, 0 = 3*i + 5*q - 204. Let b be 7 + (1 - (3 + -4)). What is the greatest common divisor of b and i?
9
Let s(y) = 5*y - 3. Let b be s(5). Let d = -708 - -800. Suppose -d - 150 = -k. Calculate the greatest common divisor of k and b.
22
Let v(u) = -9 - 95*u - 2*u**2 + 110*u - 1. Let o be v(8). Let p = -4 - o. What is the greatest common divisor of p and 2?
2
Let v be (-134730)/(-1350) - 4/5. What is the highest common divisor of v and 243?
9
Let r = 236 - 70. Let u be (-4)/(-14) - r/(-7). Suppose -5*k + 2*i + 3*i = 10, 4*i = -2*k + 26. Calculate the greatest common divisor of k and u.
3
Let h(g) = g**2 + 8*g - 8. Let v be h(-10). Suppose 203 - 1019 = -v*d. What is the greatest common divisor of d and 4?
4
Let t = -2571 - -2583. Suppose h = -4*l + 115, 0*h = -h + 3. Suppose -7*w = -392 - l. What is the greatest common factor of t and w?
12
Let j = -207 + 217. Let o be (-7 - -632)*6/30. What is the highest common factor of j and o?
5
Let g = -9283 + 9